ctor of 3996?
True
Does 48 divide 56304?
True
Is 9 a factor of 9270?
True
Is 1080 a multiple of 45?
True
Is 56 a factor of 34328?
True
Is 315 a multiple of 2?
False
Does 14 divide 3567?
False
Does 45 divide 10133?
False
Is 26123 a multiple of 157?
False
Is 35867 a multiple of 13?
True
Is 13035 a multiple of 382?
False
Is 38 a factor of 1748?
True
Is 15 a factor of 12280?
False
Is 1093 a multiple of 54?
False
Is 1754 a multiple of 91?
False
Is 1004 a multiple of 106?
False
Does 37 divide 4514?
True
Is 284 a factor of 11360?
True
Is 23 a factor of 5819?
True
Does 25 divide 2371?
False
Is 538 a multiple of 4?
False
Is 23 a factor of 5780?
False
Is 22 a factor of 778?
False
Does 9 divide 1350?
True
Does 29 divide 74385?
True
Is 28 a factor of 9884?
True
Does 23 divide 42044?
True
Is 1458 a multiple of 8?
False
Does 40 divide 14245?
False
Does 142 divide 7425?
False
Does 41 divide 2911?
True
Is 51 a factor of 1173?
True
Is 3 a factor of 336?
True
Does 27 divide 783?
True
Does 128 divide 4992?
True
Does 38 divide 21052?
True
Does 45 divide 1115?
False
Is 1280 a multiple of 8?
True
Is 48093 a multiple of 17?
True
Is 126 a factor of 19003?
False
Is 13 a factor of 41886?
True
Is 23 a factor of 414?
True
Is 26466 a multiple of 62?
False
Is 4 a factor of 2596?
True
Does 13 divide 5310?
False
Is 5292 a multiple of 12?
True
Is 2 a factor of 108?
True
Is 104 a factor of 5070?
False
Does 5 divide 1395?
True
Does 9 divide 804?
False
Does 41 divide 57644?
False
Is 29 a factor of 2161?
False
Is 12166 a multiple of 103?
False
Is 22092 a multiple of 42?
True
Does 9 divide 7632?
True
Is 20 a factor of 312?
False
Is 16 a factor of 377?
False
Is 27 a factor of 135?
True
Is 6675 a multiple of 15?
True
Is 3024 a multiple of 63?
True
Is 7 a factor of 420?
True
Is 8 a factor of 14328?
True
Does 6 divide 389?
False
Is 895 a multiple of 2?
False
Does 4 divide 4144?
True
Does 7 divide 619?
False
Is 9 a factor of 351?
True
Does 20 divide 1299?
False
Is 80 a factor of 6320?
True
Does 13 divide 9451?
True
Is 28 a factor of 1624?
True
Is 5750 a multiple of 25?
True
Does 4 divide 136?
True
Does 41 divide 5530?
False
Is 693 a multiple of 77?
True
Is 11 a factor of 243?
False
Does 126 divide 30366?
True
Is 144 a multiple of 2?
True
Does 19 divide 44080?
True
Does 34 divide 340?
True
Does 39 divide 468?
True
Is 2 a factor of 103?
False
Is 6570 a multiple of 15?
True
Is 3 a factor of 959?
False
Is 6700 a multiple of 20?
True
Is 410 a multiple of 41?
True
Is 35 a factor of 421?
False
Does 173 divide 12386?
False
Does 28 divide 2869?
False
Does 18 divide 704?
False
Does 57 divide 6684?
False
Is 21 a factor of 196?
False
Is 5586 a multiple of 19?
True
Is 112 a multiple of 22?
False
Is 37140 a multiple of 12?
True
Is 620 a multiple of 31?
True
Is 628 a multiple of 6?
False
Is 6 a factor of 734?
False
Does 62 divide 3038?
True
Is 1960 a multiple of 12?
False
Does 2 divide 500?
True
Does 4 divide 5918?
False
Is 35 a factor of 1400?
True
Is 29 a multiple of 3?
False
Is 159 a factor of 764?
False
Is 9 a factor of 8901?
True
Is 142 a factor of 58220?
True
Does 58 divide 1276?
True
Is 15 a factor of 3059?
False
Does 25 divide 10425?
True
Is 534 a multiple of 18?
False
Is 8646 a multiple of 11?
True
Is 23 a factor of 21436?
True
Is 1138 a multiple of 16?
False
Does 32 divide 1974?
False
Is 29 a factor of 493?
True
Is 15 a factor of 1875?
True
Does 4 divide 812?
True
Does 135 divide 3645?
True
Does 8 divide 997?
False
Does 17 divide 51187?
True
Is 45 a factor of 16920?
True
Is 8 a factor of 560?
True
Is 1006 a multiple of 68?
False
Does 51 divide 13412?
False
Is 32307 a multiple of 45?
False
Does 9 divide 2708?
False
Is 190 a multiple of 5?
True
Is 55795 a multiple of 8?
False
Does 22 divide 462?
True
Is 23 a factor of 66562?
True
Is 8431 a multiple of 21?
False
Is 79 a factor of 1896?
True
Does 29 divide 667?
True
Is 18 a factor of 576?
True
Does 25 divide 2862?
False
Does 5 divide 141?
False
Is 46860 a multiple of 284?
True
Is 14 a factor of 16639?
False
Is 14548 a multiple of 11?
False
Is 1098 a multiple of 16?
False
Does 3 divide 1264?
False
Is 18 a factor of 3290?
False
Does 8 divide 20409?
False
Is 36 a factor of 2268?
True
Is 672 a multiple of 32?
True
Does 3 divide 245?
False
Is 24 a factor of 7632?
True
Is 57 a factor of 7668?
False
Is 19 a factor of 190?
True
Is 36 a factor of 31032?
True
Is 616 a multiple of 15?
False
Is 13 a factor of 481?
True
Is 5 a factor of 420?
True
Is 25830 a multiple of 315?
True
Is 35 a factor of 2450?
True
Does 38 divide 4544?
False
Is 11556 a multiple of 18?
True
Is 12 a factor of 3052?
False
Is 11 a factor of 8580?
True
Is 321 a multiple of 107?
True
Is 8 a factor of 245?
False
Is 110 a factor of 1128?
False
Does 15 divide 480?
True
Is 39 a factor of 719?
False
Is 603 a multiple of 72?
False
Is 6162 a multiple of 13?
True
Is 444 a multiple of 8?
False
Does 9 divide 5558?
False
Does 73 divide 1603?
False
Is 34620 a multiple of 331?
False
Does 16 divide 336?
True
Is 748 a multiple of 34?
True
Does 56 divide 392?
True
Is 2816 a multiple of 4?
True
Does 15 divide 12276?
False
Does 22 divide 30191?
False
Is 110 a factor of 6710?
True
Does 17 divide 278?
False
Is 374 a multiple of 8?
False
Is 27060 a multiple of 123?
True
Does 19 divide 8398?
True
Is 3601 a multiple of 13?
True
Does 14 divide 896?
True
Is 45084 a multiple of 26?
True
Does 19 divide 5377?
True
Does 8 divide 5035?
False
Does 9 divide 5142?
False
Does 26 divide 1732?
False
Does 120 divide 3412?
False
Is 19408 a multiple of 51?
False
Is 3902 a multiple of 21?
False
Does 6 divide 52423?
False
Does 40 divide 13426?
False
Does 67 divide 804?
True
Does 57 divide 1140?
True
Is 7534 a multiple of 6?
False
Is 23 a factor of 2691?
True
Is 6 a factor of 474?
True
Is 36 a factor of 3783?
False
Does 9 divide 81?
True
Is 1675 a multiple of 15?
False
Is 4 a factor of 20?
True
Is 10388 a multiple of 50?
False
Is 1332 a multiple of 6?
True
Is 18 a factor of 2664?
True
Is 78873 a multiple of 80?
False
Is 16 a factor of 5584?
True
Is 3363 a multiple of 9?
False
Does 15 divide 46469?
False
Does 5 divide 1691?
False
Is 3 a factor of 2905?
False
Is 173 a multiple of 11?
False
Is 19006 a multiple of 17?
True
Does 5 divide 9365?
True
Is 12245 a multiple of 244?
False
Does 44 divide 5106?
False
Does 24 divide 941?
False
Is 140 a factor of 8820?
True
Is 24 a factor of 408?
True
Is 4 a factor of 469?
False
Is 1928 a multiple of 20?
False
Is 1916 a multiple of 15?
False
Does 67 divide 12060?
True
Does 138 divide 18630?
True
Is 47 a factor of 667?
False
Is 600 a multiple of 16?
False
Is 4 a factor of 3148?
True
Does 24 divide 516?
False
Is 38850 a multiple of 15?
True
Does 54 divide 324?
True
Is 24 a factor of 198?
False
Is 1954 a multiple of 18?
False
Is 15 a factor of 3508?
False
Is 23370 a multiple of 19?
True
Is 144 a multiple of 12?
True
Is 1488 a multiple of 16?
True
Is 58 a factor of 9934?
False
Is 287 a multiple of 41?
True
Is 795 a multiple of 53?
True
Is 58 a factor of 10990?
False
Does 14 divide 84?
True
Is 2058 a multiple of 21?
True
Does 74 divide 4662?
True
Is 15 a factor of 1070?
False
Is 1155 a multiple of 7?
True
Is 2222 a multiple of 101?
True
Is 1417 a multiple of 9?
False
Is 36980 a multiple of 73?
False
Is 5766 a multiple of 31?
True
Is 455 a multiple of 5?
True
Is 4980 a multiple of 83?
True
Does 118 divide 8496?
True
Does 54 divide 3780?
True
Is 800 a multiple of 10?
True
Is 60783 a multiple of 40?
False
Is 803 a multiple of 39?
False
Does 12 divide 2060?
False
Is 91903 a multiple of 25?
False
Is 391 a multiple of 120?
False
Is 8 a factor of 2967?
False
Is 9 a factor of 514?
False
Is 4 a factor of 6048?
True
Does 47 divide 23010?
False
Is 16 a factor of 39664?
True
Does 21 divide 520?
False
Does 62 divide 25331?
False
Is 4 a factor of 1261?
False
Does 11 divide 581?
False
Is 5986 a multiple of 17?
False
Is 35 a factor of 4480?
True
Is 123 a multiple of 23?
False
Is 58902 a multiple of 12?
False
Does 56 divide 1064?
True
Is 2298 a multiple of 37?
False
Is 4 a factor of 444?
True
Is 6500 a multiple of 50?
True
Is 25201 a multiple of 132?
False
Does 24 divide 768?
True
Does 33 divide 18480?
True
Is 16 a factor of 18096?
True
Is 210 a factor of 9240?
True
Is 116 a factor of 1247?
False
Is 1033 a mult